{"id":522,"date":"2022-12-28T15:26:40","date_gmt":"2022-12-28T15:26:40","guid":{"rendered":"http:\/\/51.75.204.15\/?page_id=522"},"modified":"2025-03-26T09:33:30","modified_gmt":"2025-03-26T09:33:30","slug":"dolorosa_composicion","status":"publish","type":"page","link":"https:\/\/www.cofradiasontinyent.com\/index.php\/dolorosa_composicion\/","title":{"rendered":"Dolorosa_composicion"},"content":{"rendered":"<p>[vc_row css_animation=\u00bb\u00bb row_type=\u00bbrow\u00bb use_row_as_full_screen_section=\u00bbno\u00bb type=\u00bbfull_width\u00bb angled_section=\u00bbno\u00bb text_align=\u00bbleft\u00bb background_image_as_pattern=\u00bbwithout_pattern\u00bb css=\u00bb.vc_custom_1521812392429{padding-top: 130px !important;background-color: #ffffff !important;}\u00bb z_index=\u00bb\u00bb][vc_column][vc_separator type=\u00bbtransparent\u00bb][vc_row_inner row_type=\u00bbrow\u00bb type=\u00bbgrid\u00bb text_align=\u00bbleft\u00bb css_animation=\u00bb\u00bb css=\u00bb.vc_custom_1521812433367{padding-bottom: 40px !important;}\u00bb][vc_column_inner width=\u00bb1\/6&#8243;][\/vc_column_inner][vc_column_inner width=\u00bb4\/6&#8243;][vc_column_text]<\/p>\n<p style=\"text-align: center;\"><span style=\"color: #000099;\"><span style=\"font-size: xx-large;\"><b>Hermandad la Dolorosa<\/b><\/span><\/span><\/p>\n<p>[\/vc_column_text][vc_single_image image=\u00bb2403&#8243; img_size=\u00bbfull\u00bb alignment=\u00bbcenter\u00bb onclick=\u00bbimg_link_large\u00bb qode_css_animation=\u00bb\u00bb][vc_separator type=\u00bbtransparent\u00bb][vc_separator type=\u00bbtransparent\u00bb][\/vc_column_inner][vc_column_inner width=\u00bb1\/6&#8243;][\/vc_column_inner][\/vc_row_inner][vc_row_inner row_type=\u00bbrow\u00bb type=\u00bbgrid\u00bb text_align=\u00bbleft\u00bb css_animation=\u00bb\u00bb css=\u00bb.vc_custom_1521812433367{padding-bottom: 40px !important;}\u00bb][vc_column_inner width=\u00bb1\/6&#8243;][\/vc_column_inner][vc_column_inner width=\u00bb2\/6&#8243;][vc_column_text]<span style=\"color: #0000cc;\"><span style=\"font-family: Times New Roman, serif;\"><span style=\"font-size: x-large;\"><span style=\"color: #ffffff;\"><b>_<\/b><\/span><b>Mare de D\u00e9u dels Dolors<\/b><\/span><\/span><\/span><\/p>\n<p><span style=\"color: #0000cc;\"><span style=\"font-family: Times New Roman, serif;\"><span style=\"font-size: x-large;\"><b><span style=\"color: #ffffff;\">_<\/span>El Pas dels Carnissers<\/b><\/span><\/span><\/span><\/p>\n<p><span style=\"color: #000000;\"><span style=\"font-family: Times New Roman, serif;\"><span style=\"font-size: large;\"><b><span style=\"color: #ffffff;\">_<\/span>Fundada el 1961 y refundada el 1986<\/b><\/span><\/span><\/span><\/p>\n<p><span style=\"font-family: Times New Roman, serif;\"><span style=\"font-size: large;\"><b><span style=\"color: #ffffff;\">_<\/span><span style=\"color: #0000cc;\">Presidenta:<\/span><\/b><\/span><\/span><\/p>\n<p><span style=\"color: #000000;\"><span style=\"font-family: Times New Roman, serif;\"><span style=\"font-size: medium;\"><span style=\"color: #ffffff;\">__<\/span><span style=\"color: #000000;\">Inmaculada Vidal Sanz<\/span><\/span><\/span><\/span><\/p>\n<p><span style=\"font-family: Times New Roman, serif;\"><span style=\"font-size: large;\"><b><span style=\"color: #ffffff;\">_<\/span><span style=\"color: #0000cc;\">Vicepresidente:<\/span><\/b><\/span><\/span><\/p>\n<p><span style=\"color: #000000;\"><span style=\"font-family: Times New Roman, serif;\"><span style=\"font-size: medium;\"><span style=\"color: #ffffff;\">__<\/span>Paco Reig Galbis<\/span><\/span><\/span><\/p>\n<p><span style=\"font-family: Times New Roman, serif;\"><span style=\"font-size: large;\"><b><span style=\"color: #ffffff;\">_<\/span><span style=\"color: #0000cc;\">Secretario:<\/span><\/b><\/span><\/span><\/p>\n<p><span style=\"color: #000000;\"><span style=\"font-family: Times New Roman, serif;\"><span style=\"font-size: medium;\"><span style=\"color: #ffffff;\">__<\/span>Pascual Ferrandis Guillem<\/span><\/span><\/span><\/p>\n<p><span style=\"font-family: Times New Roman, serif;\"><span style=\"font-size: large;\"><b><span style=\"color: #ffffff;\">_<\/span><span style=\"color: #0000cc;\">Tesorero:<\/span><\/b><\/span><\/span><\/p>\n<p><span style=\"color: #000000;\"><span style=\"font-family: Times New Roman, serif;\"><span style=\"font-size: medium;\"><span style=\"color: #ffffff;\">__<\/span>Jos\u00e9 Moll\u00e1 Gand\u00eda<\/span><\/span><\/span><\/p>\n<p><span style=\"font-family: Times New Roman, serif;\"><span style=\"font-size: large;\"><b><span style=\"color: #ffffff;\">_<\/span><span style=\"color: #0000cc;\">Vocales:<\/span><\/b><\/span><\/span><\/p>\n<p><span style=\"color: #000000;\"><span style=\"font-family: Times New Roman, serif;\"><span style=\"font-size: medium;\"><span style=\"color: #ffffff;\">__<\/span>Salvador Gramage Garc\u00eda<\/span><\/span><\/span><\/p>\n<p><span style=\"color: #000000;\"><span style=\"font-family: Times New Roman, serif;\"><span style=\"font-size: medium;\"><span style=\"color: #ffffff;\">__<\/span>Vicente Belda Ferrer<\/span><\/span><\/span><\/p>\n<p><span style=\"color: #000000;\"><span style=\"font-family: Times New Roman, serif;\"><span style=\"font-size: medium;\"><span style=\"color: #ffffff;\">__<\/span>Rafa Donat Tortosa<\/span><\/span><\/span><\/p>\n<p><span style=\"color: #000000;\"><span style=\"font-family: Times New Roman, serif;\"><span style=\"font-size: medium;\"><span style=\"color: #ffffff;\">__<\/span>Jos\u00e9 Hilarios Descals Llopis<\/span><\/span><\/span><\/p>\n<p><span style=\"font-family: Times New Roman, serif;\"><span style=\"font-size: large;\"><b><span style=\"color: #ffffff;\">_<\/span><span style=\"color: #0000cc;\">Representante JHC:<\/span><\/b><\/span><\/span><\/p>\n<p><span style=\"color: #000000;\"><span style=\"font-family: Times New Roman, serif;\"><span style=\"font-size: medium;\"><span style=\"color: #ffffff;\">__<\/span>Jos\u00e9 Antonio Garc\u00eda Cambra<\/span><\/span><\/span><\/p>\n<p><span style=\"font-family: Times New Roman, serif;\"><span style=\"font-size: large;\"><b><span style=\"color: #ffffff;\">_<\/span><span style=\"color: #0000cc;\">Lotera:<\/span><\/b><\/span><\/span><\/p>\n<p><span style=\"color: #000000;\"><span style=\"font-family: Times New Roman, serif;\"><span style=\"font-size: medium;\"><span style=\"color: #ffffff;\">__<\/span>Elvira Vidal Sanz<\/span><\/span><\/span>[\/vc_column_text][\/vc_column_inner][vc_column_inner width=\u00bb2\/6&#8243;][vc_column_text]<\/p>\n<p align=\"LEFT\"><span style=\"color: #000099;\"><span style=\"font-family: Times New Roman, serif;\"><span style=\"font-size: large;\"><b><span style=\"color: #ffffff;\">_<\/span>Actividades:<\/b><\/span><\/span><\/span><\/p>\n<p>[\/vc_column_text][\/vc_column_inner][vc_column_inner width=\u00bb1\/6&#8243;][\/vc_column_inner][\/vc_row_inner][vc_row_inner row_type=\u00bbrow\u00bb type=\u00bbgrid\u00bb text_align=\u00bbleft\u00bb css_animation=\u00bb\u00bb css=\u00bb.vc_custom_1521812433367{padding-bottom: 40px !important;}\u00bb][vc_column_inner width=\u00bb1\/6&#8243;][\/vc_column_inner][vc_column_inner width=\u00bb2\/6&#8243;][vc_single_image image=\u00bb2402&#8243; img_size=\u00bbfull\u00bb alignment=\u00bbcenter\u00bb onclick=\u00bbimg_link_large\u00bb qode_css_animation=\u00bb\u00bb][\/vc_column_inner][vc_column_inner width=\u00bb2\/6&#8243;][vc_column_text]<\/p>\n<p align=\"LEFT\"><span style=\"color: #000099;\"><span style=\"font-family: Times New Roman, serif;\"><span style=\"font-size: large;\"><b><span style=\"color: #ffffff;\">_<\/span>Contactos:<\/b><\/span><\/span><\/span><\/p>\n<p>[\/vc_column_text][\/vc_column_inner][vc_column_inner width=\u00bb1\/6&#8243;][\/vc_column_inner][\/vc_row_inner][vc_row_inner row_type=\u00bbrow\u00bb type=\u00bbgrid\u00bb text_align=\u00bbleft\u00bb css_animation=\u00bb\u00bb css=\u00bb.vc_custom_1521812433367{padding-bottom: 40px !important;}\u00bb][vc_column_inner width=\u00bb5\/12&#8243;][\/vc_column_inner][vc_column_inner width=\u00bb3\/12&#8243;][vc_separator type=\u00bbtransparent\u00bb][vc_separator type=\u00bbtransparent\u00bb][layerslider_vc id=\u00bb1&#8243;][\/vc_column_inner][vc_column_inner width=\u00bb4\/12&#8243;][\/vc_column_inner][\/vc_row_inner][vc_row_inner row_type=\u00bbrow\u00bb type=\u00bbgrid\u00bb text_align=\u00bbleft\u00bb css_animation=\u00bb\u00bb css=\u00bb.vc_custom_1521812433367{padding-bottom: 40px !important;}\u00bb][vc_column_inner][vc_separator type=\u00bbtransparent\u00bb][vc_separator type=\u00bbtransparent\u00bb][vc_separator type=\u00bbtransparent\u00bb][vc_separator type=\u00bbtransparent\u00bb][vc_separator type=\u00bbtransparent\u00bb][vc_separator type=\u00bbtransparent\u00bb][\/vc_column_inner][\/vc_row_inner][\/vc_column][\/vc_row]<\/p>\n","protected":false},"excerpt":{"rendered":"<p>[vc_row css_animation=\u00bb\u00bb row_type=\u00bbrow\u00bb use_row_as_full_screen_section=\u00bbno\u00bb type=\u00bbfull_width\u00bb angled_section=\u00bbno\u00bb text_align=\u00bbleft\u00bb background_image_as_pattern=\u00bbwithout_pattern\u00bb css=\u00bb.vc_custom_1521812392429{padding-top: 130px !important;background-color: #ffffff !important;}\u00bb z_index=\u00bb\u00bb][vc_column][vc_separator type=\u00bbtransparent\u00bb][vc_row_inner row_type=\u00bbrow\u00bb type=\u00bbgrid\u00bb text_align=\u00bbleft\u00bb css_animation=\u00bb\u00bb css=\u00bb.vc_custom_1521812433367{padding-bottom: 40px !important;}\u00bb][vc_column_inner width=\u00bb1\/6&#8243;][\/vc_column_inner][vc_column_inner width=\u00bb4\/6&#8243;][vc_column_text] Hermandad la Dolorosa [\/vc_column_text][vc_single_image image=\u00bb2403&#8243; img_size=\u00bbfull\u00bb alignment=\u00bbcenter\u00bb onclick=\u00bbimg_link_large\u00bb qode_css_animation=\u00bb\u00bb][vc_separator type=\u00bbtransparent\u00bb][vc_separator type=\u00bbtransparent\u00bb][\/vc_column_inner][vc_column_inner width=\u00bb1\/6&#8243;][\/vc_column_inner][\/vc_row_inner][vc_row_inner row_type=\u00bbrow\u00bb type=\u00bbgrid\u00bb text_align=\u00bbleft\u00bb css_animation=\u00bb\u00bb css=\u00bb.vc_custom_1521812433367{padding-bottom: 40px !important;}\u00bb][vc_column_inner width=\u00bb1\/6&#8243;][\/vc_column_inner][vc_column_inner width=\u00bb2\/6&#8243;][vc_column_text]_Mare&#8230;<\/p>\n","protected":false},"author":1,"featured_media":0,"parent":0,"menu_order":0,"comment_status":"closed","ping_status":"closed","template":"full_width.php","meta":{"footnotes":""},"class_list":["post-522","page","type-page","status-publish","hentry"],"_links":{"self":[{"href":"https:\/\/www.cofradiasontinyent.com\/index.php\/wp-json\/wp\/v2\/pages\/522","targetHints":{"allow":["GET"]}}],"collection":[{"href":"https:\/\/www.cofradiasontinyent.com\/index.php\/wp-json\/wp\/v2\/pages"}],"about":[{"href":"https:\/\/www.cofradiasontinyent.com\/index.php\/wp-json\/wp\/v2\/types\/page"}],"author":[{"embeddable":true,"href":"https:\/\/www.cofradiasontinyent.com\/index.php\/wp-json\/wp\/v2\/users\/1"}],"replies":[{"embeddable":true,"href":"https:\/\/www.cofradiasontinyent.com\/index.php\/wp-json\/wp\/v2\/comments?post=522"}],"version-history":[{"count":6,"href":"https:\/\/www.cofradiasontinyent.com\/index.php\/wp-json\/wp\/v2\/pages\/522\/revisions"}],"predecessor-version":[{"id":2405,"href":"https:\/\/www.cofradiasontinyent.com\/index.php\/wp-json\/wp\/v2\/pages\/522\/revisions\/2405"}],"wp:attachment":[{"href":"https:\/\/www.cofradiasontinyent.com\/index.php\/wp-json\/wp\/v2\/media?parent=522"}],"curies":[{"name":"wp","href":"https:\/\/api.w.org\/{rel}","templated":true}]}}

<p>[vc_row css_animation=»» row_type=»row» use_row_as_full_screen_section=»no» type=»full_width» angled_section=»no» text_align=»left» background_image_as_pattern=»without_pattern» css=».vc_custom_1521812392429{padding-top: 130px !important;background-color: #ffffff !important;}» z_index=»»][vc_column][vc_separator type=»transparent»][vc_row_inner row_type=»row» type=»grid» text_align=»left» css_animation=»» css=».vc_custom_1521812433367{padding-bottom: 40px !important;}»][vc_column_inner width=»1/6&#8243;][/vc_column_inner][vc_column_inner width=»4/6&#8243;][vc_column_text]</p>
<p style="text-align: center;"><span style="color: #000099;"><span style="font-size: xx-large;"><b>Hermandad la Dolorosa</b></span></span></p>
<p>[/vc_column_text][vc_single_image image=»2403&#8243; img_size=»full» alignment=»center» onclick=»img_link_large» qode_css_animation=»»][vc_separator type=»transparent»][vc_separator type=»transparent»][/vc_column_inner][vc_column_inner width=»1/6&#8243;][/vc_column_inner][/vc_row_inner][vc_row_inner row_type=»row» type=»grid» text_align=»left» css_animation=»» css=».vc_custom_1521812433367{padding-bottom: 40px !important;}»][vc_column_inner width=»1/6&#8243;][/vc_column_inner][vc_column_inner width=»2/6&#8243;][vc_column_text]<span style="color: #0000cc;"><span style="font-family: Times New Roman, serif;"><span style="font-size: x-large;"><span style="color: #ffffff;"><b>_</b></span><b>Mare de Déu dels Dolors</b></span></span></span></p>
<p><span style="color: #0000cc;"><span style="font-family: Times New Roman, serif;"><span style="font-size: x-large;"><b><span style="color: #ffffff;">_</span>El Pas dels Carnissers</b></span></span></span></p>
<p><span style="color: #000000;"><span style="font-family: Times New Roman, serif;"><span style="font-size: large;"><b><span style="color: #ffffff;">_</span>Fundada el 1961 y refundada el 1986</b></span></span></span></p>
<p><span style="font-family: Times New Roman, serif;"><span style="font-size: large;"><b><span style="color: #ffffff;">_</span><span style="color: #0000cc;">Presidenta:</span></b></span></span></p>
<p><span style="color: #000000;"><span style="font-family: Times New Roman, serif;"><span style="font-size: medium;"><span style="color: #ffffff;">__</span><span style="color: #000000;">Inmaculada Vidal Sanz</span></span></span></span></p>
<p><span style="font-family: Times New Roman, serif;"><span style="font-size: large;"><b><span style="color: #ffffff;">_</span><span style="color: #0000cc;">Vicepresidente:</span></b></span></span></p>
<p><span style="color: #000000;"><span style="font-family: Times New Roman, serif;"><span style="font-size: medium;"><span style="color: #ffffff;">__</span>Paco Reig Galbis</span></span></span></p>
<p><span style="font-family: Times New Roman, serif;"><span style="font-size: large;"><b><span style="color: #ffffff;">_</span><span style="color: #0000cc;">Secretario:</span></b></span></span></p>
<p><span style="color: #000000;"><span style="font-family: Times New Roman, serif;"><span style="font-size: medium;"><span style="color: #ffffff;">__</span>Pascual Ferrandis Guillem</span></span></span></p>
<p><span style="font-family: Times New Roman, serif;"><span style="font-size: large;"><b><span style="color: #ffffff;">_</span><span style="color: #0000cc;">Tesorero:</span></b></span></span></p>
<p><span style="color: #000000;"><span style="font-family: Times New Roman, serif;"><span style="font-size: medium;"><span style="color: #ffffff;">__</span>José Mollá Gandía</span></span></span></p>
<p><span style="font-family: Times New Roman, serif;"><span style="font-size: large;"><b><span style="color: #ffffff;">_</span><span style="color: #0000cc;">Vocales:</span></b></span></span></p>
<p><span style="color: #000000;"><span style="font-family: Times New Roman, serif;"><span style="font-size: medium;"><span style="color: #ffffff;">__</span>Salvador Gramage García</span></span></span></p>
<p><span style="color: #000000;"><span style="font-family: Times New Roman, serif;"><span style="font-size: medium;"><span style="color: #ffffff;">__</span>Vicente Belda Ferrer</span></span></span></p>
<p><span style="color: #000000;"><span style="font-family: Times New Roman, serif;"><span style="font-size: medium;"><span style="color: #ffffff;">__</span>Rafa Donat Tortosa</span></span></span></p>
<p><span style="color: #000000;"><span style="font-family: Times New Roman, serif;"><span style="font-size: medium;"><span style="color: #ffffff;">__</span>José Hilarios Descals Llopis</span></span></span></p>
<p><span style="font-family: Times New Roman, serif;"><span style="font-size: large;"><b><span style="color: #ffffff;">_</span><span style="color: #0000cc;">Representante JHC:</span></b></span></span></p>
<p><span style="color: #000000;"><span style="font-family: Times New Roman, serif;"><span style="font-size: medium;"><span style="color: #ffffff;">__</span>José Antonio García Cambra</span></span></span></p>
<p><span style="font-family: Times New Roman, serif;"><span style="font-size: large;"><b><span style="color: #ffffff;">_</span><span style="color: #0000cc;">Lotera:</span></b></span></span></p>
<p><span style="color: #000000;"><span style="font-family: Times New Roman, serif;"><span style="font-size: medium;"><span style="color: #ffffff;">__</span>Elvira Vidal Sanz</span></span></span>[/vc_column_text][/vc_column_inner][vc_column_inner width=»2/6&#8243;][vc_column_text]</p>
<p align="LEFT"><span style="color: #000099;"><span style="font-family: Times New Roman, serif;"><span style="font-size: large;"><b><span style="color: #ffffff;">_</span>Actividades:</b></span></span></span></p>
<p>[/vc_column_text][/vc_column_inner][vc_column_inner width=»1/6&#8243;][/vc_column_inner][/vc_row_inner][vc_row_inner row_type=»row» type=»grid» text_align=»left» css_animation=»» css=».vc_custom_1521812433367{padding-bottom: 40px !important;}»][vc_column_inner width=»1/6&#8243;][/vc_column_inner][vc_column_inner width=»2/6&#8243;][vc_single_image image=»2402&#8243; img_size=»full» alignment=»center» onclick=»img_link_large» qode_css_animation=»»][/vc_column_inner][vc_column_inner width=»2/6&#8243;][vc_column_text]</p>
<p align="LEFT"><span style="color: #000099;"><span style="font-family: Times New Roman, serif;"><span style="font-size: large;"><b><span style="color: #ffffff;">_</span>Contactos:</b></span></span></span></p>
<p>[/vc_column_text][/vc_column_inner][vc_column_inner width=»1/6&#8243;][/vc_column_inner][/vc_row_inner][vc_row_inner row_type=»row» type=»grid» text_align=»left» css_animation=»» css=».vc_custom_1521812433367{padding-bottom: 40px !important;}»][vc_column_inner width=»5/12&#8243;][/vc_column_inner][vc_column_inner width=»3/12&#8243;][vc_separator type=»transparent»][vc_separator type=»transparent»][layerslider_vc id=»1&#8243;][/vc_column_inner][vc_column_inner width=»4/12&#8243;][/vc_column_inner][/vc_row_inner][vc_row_inner row_type=»row» type=»grid» text_align=»left» css_animation=»» css=».vc_custom_1521812433367{padding-bottom: 40px !important;}»][vc_column_inner][vc_separator type=»transparent»][vc_separator type=»transparent»][vc_separator type=»transparent»][vc_separator type=»transparent»][vc_separator type=»transparent»][vc_separator type=»transparent»][/vc_column_inner][/vc_row_inner][/vc_column][/vc_row]</p>
