{"id":530,"date":"2022-12-28T15:48:25","date_gmt":"2022-12-28T15:48:25","guid":{"rendered":"http:\/\/51.75.204.15\/?page_id=530"},"modified":"2025-03-26T15:54:12","modified_gmt":"2025-03-26T15:54:12","slug":"sepulcro_vesta","status":"publish","type":"page","link":"https:\/\/www.cofradiasontinyent.com\/index.php\/sepulcro_vesta\/","title":{"rendered":"Sepulcro_vesta"},"content":{"rendered":"<p>[vc_row css_animation=\u00bb\u00bb row_type=\u00bbrow\u00bb use_row_as_full_screen_section=\u00bbno\u00bb type=\u00bbfull_width\u00bb angled_section=\u00bbno\u00bb text_align=\u00bbleft\u00bb background_image_as_pattern=\u00bbwithout_pattern\u00bb css=\u00bb.vc_custom_1521812392429{padding-top: 130px !important;background-color: #ffffff !important;}\u00bb z_index=\u00bb\u00bb][vc_column][vc_separator type=\u00bbtransparent\u00bb][vc_row_inner row_type=\u00bbrow\u00bb type=\u00bbgrid\u00bb text_align=\u00bbleft\u00bb css_animation=\u00bb\u00bb css=\u00bb.vc_custom_1521812433367{padding-bottom: 40px !important;}\u00bb][vc_column_inner width=\u00bb1\/6&#8243;][\/vc_column_inner][vc_column_inner width=\u00bb4\/6&#8243;][vc_column_text]<\/p>\n<p style=\"text-align: center;\"><span style=\"color: #000099;\"><span style=\"font-size: x-large;\"><b>Vestimenta usada por la cofrad\u00eda del Santo Sepulcro<\/b><\/span><\/span><\/p>\n<p>[\/vc_column_text][\/vc_column_inner][vc_column_inner width=\u00bb1\/6&#8243;][\/vc_column_inner][\/vc_row_inner][vc_row_inner row_type=\u00bbrow\u00bb type=\u00bbgrid\u00bb text_align=\u00bbleft\u00bb css_animation=\u00bb\u00bb css=\u00bb.vc_custom_1521812433367{padding-bottom: 40px !important;}\u00bb][vc_column_inner width=\u00bb1\/6&#8243;][\/vc_column_inner][vc_column_inner width=\u00bb2\/6&#8243;][vc_gallery type=\u00bbflexslider_slide\u00bb interval=\u00bb5&#8243; images=\u00bb1290,1291,1292,1289&#8243; img_size=\u00bbfull\u00bb onclick=\u00bbimg_link_large\u00bb][\/vc_column_inner][vc_column_inner width=\u00bb2\/6&#8243;][vc_column_text]<\/p>\n<p lang=\"es-ES\"><span style=\"color: #000000; font-family: 'times new roman', times; font-size: 12pt;\"> Esta cofrad\u00eda, en su salida en las procesiones usa esta vestimenta que se compone de una t\u00fanica blanca, un c\u00edngulo de tela de 10 a 15 cm de ancho, capa y capirote tambi\u00e9n blancos.<\/span><\/p>\n<p lang=\"es-ES\"><span style=\"color: #000000; font-family: 'times new roman', times; font-size: 12pt;\"> El traje, se complementa con un b\u00e1culo y la medalla de la cofrad\u00eda.<\/span><\/p>\n<p lang=\"es-ES\"><span style=\"color: #000000; font-family: 'times new roman', times; font-size: 12pt;\"> En algunas procesiones, el capirote se coloca como tercerol, es decir sin el cucurucho ( procesi\u00f3n del Silencio de Jueves Santo). <\/span><\/p>\n<p lang=\"es-ES\"><span style=\"color: #000000; font-family: 'times new roman', times; font-size: 12pt;\"> En la procesi\u00f3n del Encuentro Glorioso (domingo de Resurrecci\u00f3n) no se usa ni capirote ni tercerol.<\/span><\/p>\n<p lang=\"es-ES\"><span style=\"color: #000000; font-family: 'times new roman', times; font-size: 12pt;\"> En la procesi\u00f3n del Santo Entierro, los portadores de la imagen del Santo Sepulcro, visten con traje negro, corbata negra, guantes blancos y la medalla de la cofrad\u00eda.<\/span><\/p>\n<p>[\/vc_column_text][\/vc_column_inner][vc_column_inner width=\u00bb1\/6&#8243;][\/vc_column_inner][\/vc_row_inner][vc_row_inner row_type=\u00bbrow\u00bb type=\u00bbgrid\u00bb text_align=\u00bbleft\u00bb css_animation=\u00bb\u00bb css=\u00bb.vc_custom_1521812433367{padding-bottom: 40px !important;}\u00bb][vc_column_inner width=\u00bb5\/12&#8243;][\/vc_column_inner][vc_column_inner width=\u00bb3\/12&#8243;][vc_separator type=\u00bbtransparent\u00bb][vc_separator type=\u00bbtransparent\u00bb][layerslider_vc id=\u00bb1&#8243;][\/vc_column_inner][vc_column_inner width=\u00bb4\/12&#8243;][\/vc_column_inner][\/vc_row_inner][vc_row_inner row_type=\u00bbrow\u00bb type=\u00bbgrid\u00bb text_align=\u00bbleft\u00bb css_animation=\u00bb\u00bb css=\u00bb.vc_custom_1521812433367{padding-bottom: 40px !important;}\u00bb][vc_column_inner][vc_separator type=\u00bbtransparent\u00bb][vc_separator type=\u00bbtransparent\u00bb][vc_separator type=\u00bbtransparent\u00bb][vc_separator type=\u00bbtransparent\u00bb][vc_separator type=\u00bbtransparent\u00bb][vc_separator type=\u00bbtransparent\u00bb][\/vc_column_inner][\/vc_row_inner][\/vc_column][\/vc_row]<\/p>\n","protected":false},"excerpt":{"rendered":"<p>[vc_row css_animation=\u00bb\u00bb row_type=\u00bbrow\u00bb use_row_as_full_screen_section=\u00bbno\u00bb type=\u00bbfull_width\u00bb angled_section=\u00bbno\u00bb text_align=\u00bbleft\u00bb background_image_as_pattern=\u00bbwithout_pattern\u00bb css=\u00bb.vc_custom_1521812392429{padding-top: 130px !important;background-color: #ffffff !important;}\u00bb z_index=\u00bb\u00bb][vc_column][vc_separator type=\u00bbtransparent\u00bb][vc_row_inner row_type=\u00bbrow\u00bb type=\u00bbgrid\u00bb text_align=\u00bbleft\u00bb css_animation=\u00bb\u00bb css=\u00bb.vc_custom_1521812433367{padding-bottom: 40px !important;}\u00bb][vc_column_inner width=\u00bb1\/6&#8243;][\/vc_column_inner][vc_column_inner width=\u00bb4\/6&#8243;][vc_column_text] Vestimenta usada por la cofrad\u00eda del Santo Sepulcro [\/vc_column_text][\/vc_column_inner][vc_column_inner width=\u00bb1\/6&#8243;][\/vc_column_inner][\/vc_row_inner][vc_row_inner row_type=\u00bbrow\u00bb type=\u00bbgrid\u00bb text_align=\u00bbleft\u00bb css_animation=\u00bb\u00bb css=\u00bb.vc_custom_1521812433367{padding-bottom: 40px !important;}\u00bb][vc_column_inner width=\u00bb1\/6&#8243;][\/vc_column_inner][vc_column_inner width=\u00bb2\/6&#8243;][vc_gallery type=\u00bbflexslider_slide\u00bb interval=\u00bb5&#8243;&#8230;<\/p>\n","protected":false},"author":1,"featured_media":0,"parent":0,"menu_order":0,"comment_status":"closed","ping_status":"closed","template":"full_width.php","meta":{"footnotes":""},"class_list":["post-530","page","type-page","status-publish","hentry"],"_links":{"self":[{"href":"https:\/\/www.cofradiasontinyent.com\/index.php\/wp-json\/wp\/v2\/pages\/530","targetHints":{"allow":["GET"]}}],"collection":[{"href":"https:\/\/www.cofradiasontinyent.com\/index.php\/wp-json\/wp\/v2\/pages"}],"about":[{"href":"https:\/\/www.cofradiasontinyent.com\/index.php\/wp-json\/wp\/v2\/types\/page"}],"author":[{"embeddable":true,"href":"https:\/\/www.cofradiasontinyent.com\/index.php\/wp-json\/wp\/v2\/users\/1"}],"replies":[{"embeddable":true,"href":"https:\/\/www.cofradiasontinyent.com\/index.php\/wp-json\/wp\/v2\/comments?post=530"}],"version-history":[{"count":6,"href":"https:\/\/www.cofradiasontinyent.com\/index.php\/wp-json\/wp\/v2\/pages\/530\/revisions"}],"predecessor-version":[{"id":1293,"href":"https:\/\/www.cofradiasontinyent.com\/index.php\/wp-json\/wp\/v2\/pages\/530\/revisions\/1293"}],"wp:attachment":[{"href":"https:\/\/www.cofradiasontinyent.com\/index.php\/wp-json\/wp\/v2\/media?parent=530"}],"curies":[{"name":"wp","href":"https:\/\/api.w.org\/{rel}","templated":true}]}}

<p>[vc_row css_animation=»» row_type=»row» use_row_as_full_screen_section=»no» type=»full_width» angled_section=»no» text_align=»left» background_image_as_pattern=»without_pattern» css=».vc_custom_1521812392429{padding-top: 130px !important;background-color: #ffffff !important;}» z_index=»»][vc_column][vc_separator type=»transparent»][vc_row_inner row_type=»row» type=»grid» text_align=»left» css_animation=»» css=».vc_custom_1521812433367{padding-bottom: 40px !important;}»][vc_column_inner width=»1/6&#8243;][/vc_column_inner][vc_column_inner width=»4/6&#8243;][vc_column_text]</p>
<p style="text-align: center;"><span style="color: #000099;"><span style="font-size: x-large;"><b>Vestimenta usada por la cofradía del Santo Sepulcro</b></span></span></p>
<p>[/vc_column_text][/vc_column_inner][vc_column_inner width=»1/6&#8243;][/vc_column_inner][/vc_row_inner][vc_row_inner row_type=»row» type=»grid» text_align=»left» css_animation=»» css=».vc_custom_1521812433367{padding-bottom: 40px !important;}»][vc_column_inner width=»1/6&#8243;][/vc_column_inner][vc_column_inner width=»2/6&#8243;][vc_gallery type=»flexslider_slide» interval=»5&#8243; images=»1290,1291,1292,1289&#8243; img_size=»full» onclick=»img_link_large»][/vc_column_inner][vc_column_inner width=»2/6&#8243;][vc_column_text]</p>
<p lang="es-ES"><span style="color: #000000; font-family: 'times new roman', times; font-size: 12pt;"> Esta cofradía, en su salida en las procesiones usa esta vestimenta que se compone de una túnica blanca, un cíngulo de tela de 10 a 15 cm de ancho, capa y capirote también blancos.</span></p>
<p lang="es-ES"><span style="color: #000000; font-family: 'times new roman', times; font-size: 12pt;"> El traje, se complementa con un báculo y la medalla de la cofradía.</span></p>
<p lang="es-ES"><span style="color: #000000; font-family: 'times new roman', times; font-size: 12pt;"> En algunas procesiones, el capirote se coloca como tercerol, es decir sin el cucurucho ( procesión del Silencio de Jueves Santo). </span></p>
<p lang="es-ES"><span style="color: #000000; font-family: 'times new roman', times; font-size: 12pt;"> En la procesión del Encuentro Glorioso (domingo de Resurrección) no se usa ni capirote ni tercerol.</span></p>
<p lang="es-ES"><span style="color: #000000; font-family: 'times new roman', times; font-size: 12pt;"> En la procesión del Santo Entierro, los portadores de la imagen del Santo Sepulcro, visten con traje negro, corbata negra, guantes blancos y la medalla de la cofradía.</span></p>
<p>[/vc_column_text][/vc_column_inner][vc_column_inner width=»1/6&#8243;][/vc_column_inner][/vc_row_inner][vc_row_inner row_type=»row» type=»grid» text_align=»left» css_animation=»» css=».vc_custom_1521812433367{padding-bottom: 40px !important;}»][vc_column_inner width=»5/12&#8243;][/vc_column_inner][vc_column_inner width=»3/12&#8243;][vc_separator type=»transparent»][vc_separator type=»transparent»][layerslider_vc id=»1&#8243;][/vc_column_inner][vc_column_inner width=»4/12&#8243;][/vc_column_inner][/vc_row_inner][vc_row_inner row_type=»row» type=»grid» text_align=»left» css_animation=»» css=».vc_custom_1521812433367{padding-bottom: 40px !important;}»][vc_column_inner][vc_separator type=»transparent»][vc_separator type=»transparent»][vc_separator type=»transparent»][vc_separator type=»transparent»][vc_separator type=»transparent»][vc_separator type=»transparent»][/vc_column_inner][/vc_row_inner][/vc_column][/vc_row]</p>

<p>[vc_row css_animation=»» row_type=»row» use_row_as_full_screen_section=»no» type=»full_width» angled_section=»no» text_align=»left» background_image_as_pattern=»without_pattern» css=».vc_custom_1521812392429{padding-top: 130px !important;background-color: #ffffff !important;}» z_index=»»][vc_column][vc_separator type=»transparent»][vc_row_inner row_type=»row» type=»grid» text_align=»left» css_animation=»» css=».vc_custom_1521812433367{padding-bottom: 40px !important;}»][vc_column_inner width=»1/6&#8243;][/vc_column_inner][vc_column_inner width=»4/6&#8243;][vc_column_text] Vestimenta usada por la cofradía del Santo Sepulcro [/vc_column_text][/vc_column_inner][vc_column_inner width=»1/6&#8243;][/vc_column_inner][/vc_row_inner][vc_row_inner row_type=»row» type=»grid» text_align=»left» css_animation=»» css=».vc_custom_1521812433367{padding-bottom: 40px !important;}»][vc_column_inner width=»1/6&#8243;][/vc_column_inner][vc_column_inner width=»2/6&#8243;][vc_gallery type=»flexslider_slide» interval=»5&#8243;&#8230;</p>
