{"id":665,"date":"2022-12-29T11:47:54","date_gmt":"2022-12-29T11:47:54","guid":{"rendered":"http:\/\/51.75.204.15\/?page_id=665"},"modified":"2025-03-26T15:34:23","modified_gmt":"2025-03-26T15:34:23","slug":"patrocinio_imagen","status":"publish","type":"page","link":"https:\/\/www.cofradiasontinyent.com\/index.php\/patrocinio_imagen\/","title":{"rendered":"Patrocinio_imagen"},"content":{"rendered":"<p>[vc_row css_animation=\u00bb\u00bb row_type=\u00bbrow\u00bb use_row_as_full_screen_section=\u00bbno\u00bb type=\u00bbfull_width\u00bb angled_section=\u00bbno\u00bb text_align=\u00bbleft\u00bb background_image_as_pattern=\u00bbwithout_pattern\u00bb css=\u00bb.vc_custom_1521812392429{padding-top: 130px !important;background-color: #ffffff !important;}\u00bb z_index=\u00bb\u00bb][vc_column][vc_separator type=\u00bbtransparent\u00bb][vc_row_inner row_type=\u00bbrow\u00bb type=\u00bbgrid\u00bb text_align=\u00bbleft\u00bb css_animation=\u00bb\u00bb css=\u00bb.vc_custom_1521812433367{padding-bottom: 40px !important;}\u00bb][vc_column_inner width=\u00bb1\/6&#8243;][\/vc_column_inner][vc_column_inner width=\u00bb2\/6&#8243;][vc_column_text]<\/p>\n<p style=\"text-align: center;\"><span style=\"color: #000099;\"><span style=\"font-size: x-large;\"><b>Cristo de la Expiraci\u00f3n y Nuestra Se\u00f1ora del Patrocinio<\/b><\/span><\/span><\/p>\n<p style=\"text-align: center;\"><span style=\"color: #000099;\"><span style=\"font-size: x-large;\"><b>Cristo de la Misericordia<\/b><\/span><\/span><\/p>\n<p>[\/vc_column_text][vc_gallery type=\u00bbflexslider_slide\u00bb interval=\u00bb5&#8243; images=\u00bb995,996,997,998&#8243; img_size=\u00bbfull\u00bb onclick=\u00bbimg_link_large\u00bb][\/vc_column_inner][vc_column_inner width=\u00bb2\/6&#8243;][vc_column_text]<span style=\"color: #000099;\"><span style=\"font-size: large;\"><b><span style=\"color: #ffffff;\">_<\/span>El Cristo de la Expiraci\u00f3n y Nuestra Se\u00f1ora del Patrocinio. Vicente L\u00f3pez 1968 y 1981<\/b><\/span><\/span><\/p>\n<p><span style=\"color: #000099;\"><span style=\"font-size: large;\"><b><span style=\"color: #ffffff;\">_<\/span>El Cristo de la Misericordia. Carlos Rom\u00e1n 1981<\/b><\/span><\/span><\/p>\n<p lang=\"zxx\"><span style=\"color: #000000;\"><span style=\"color: #ffffff;\"><b>_<\/b><\/span><span style=\"font-family: 'times new roman', times; font-size: 12pt;\"><b>Vicente L\u00f3pez Mar\u00ed <\/b>(Alm\u00e0ssera, 1925-1981) escultor formado en la Escuela de Artes y Oficios Art\u00edsticos de Valencia. Su obra, principalmente de tem\u00e1tica religiosa, sigue la est\u00e9tica de la escultura barroca espa\u00f1ola y se encuentra en los templos de Torrente (arciprestal y colegio Vedat), arciprestal de Mon\u00f3var (Alicante), Alcoy, Villavieja, Bej\u00eds, Monasterio de San Miguel de Liria, Olocau, J\u00e1tiva y Alm\u00e0ssera, adem\u00e1s de diversas capillas y oratorios de Valencia. <\/span><\/span><\/p>\n<p lang=\"zxx\"><span style=\"color: #000000; font-family: 'times new roman', times; font-size: 12pt;\"><span style=\"color: #ffffff;\"><b>_<\/b><\/span><b>Luis Carlos Rom\u00e1n L\u00f3pez<\/b>, imaginero valenciano de adopci\u00f3n, naci\u00f3 en Algeciras en 1903. Ese mismo a\u00f1o sus padres se establecieron en Valencia, ciudad en la que siempre vivi\u00f3, entregado por entero a la actividad art\u00edstica.<\/span><\/p>\n<p lang=\"zxx\"><span style=\"color: #000000; font-family: 'times new roman', times; font-size: 12pt;\"><span style=\"color: #ffffff;\">_<\/span>Ingres\u00f3 como aprendiz en un taller de escultura y estudi\u00f3 en la Escuela Superior de Bellas Artes de San Carlos de Valencia. <\/span><\/p>\n<p>[\/vc_column_text][\/vc_column_inner][vc_column_inner width=\u00bb1\/6&#8243;][\/vc_column_inner][\/vc_row_inner][vc_row_inner row_type=\u00bbrow\u00bb type=\u00bbgrid\u00bb text_align=\u00bbleft\u00bb css_animation=\u00bb\u00bb css=\u00bb.vc_custom_1521812433367{padding-bottom: 40px !important;}\u00bb][vc_column_inner width=\u00bb1\/6&#8243;][\/vc_column_inner][vc_column_inner width=\u00bb2\/6&#8243;][vc_column_text]<\/p>\n<p lang=\"zxx\"><span style=\"color: #000000; font-family: 'times new roman', times; font-size: 12pt;\">Se dedic\u00f3 preferentemente a la imaginer\u00eda religiosa, realizando numerosas tallas, im\u00e1genes y grupos escult\u00f3ricos para conventos, iglesias y parroquias.<\/span><\/p>\n<p lang=\"zxx\"><span style=\"color: #000000; font-family: 'times new roman', times; font-size: 12pt;\">_En la postguerra realiz\u00f3 la talla de Jes\u00fas de Medinaceli, encargada por el p\u00e1rroco de Santa Mar\u00eda del Mar, junto a Vicente Salvador. Ambos realizaron en 1943 la talla de la Virgen de los Dolores para la Cofrad\u00eda de Granaderos y entre 1945 y 46 la talla de Jes\u00fas Nazareno.<\/span><\/p>\n<p>[\/vc_column_text][\/vc_column_inner][vc_column_inner width=\u00bb2\/6&#8243;][vc_column_text]<\/p>\n<p lang=\"zxx\"><span style=\"color: #000000; font-family: 'times new roman', times; font-size: 12pt;\"><span style=\"color: #ffffff;\">_<\/span>Otras obras suyas son: santo Sepulcro de la Archicofrad\u00eda del Sant\u00edsimo Cristo de la Buena Muerte de Aspe (Alicante) en 1940; Cristo Atado a la Columna de Teruel; Cristo de la Buena Paz de Sagunto (Valencia) en 1953; Jes\u00fas con la Cruz a cuestas camino de El Calvario y Sim\u00f3n Cirineo de la hermandad de la Ver\u00f3nica de Totana (Murcia) realizadas en 1983; etc.<\/span><\/p>\n<p lang=\"zxx\"><span style=\"color: #000000; font-family: 'times new roman', times; font-size: 12pt;\"><span style=\"color: #ffffff;\">_<\/span>Tuvo en su haber la insignia de oro del C\u00edrculo de Bellas Artes de Valencia.<\/span><\/p>\n<p lang=\"zxx\"><span style=\"color: #000000; font-family: 'times new roman', times; font-size: 12pt;\"><span style=\"color: #ffffff;\">_<\/span>Muri\u00f3 en Valencia el 7 de mayo de 1996.<\/span><\/p>\n<p>[\/vc_column_text][\/vc_column_inner][vc_column_inner width=\u00bb1\/6&#8243;][\/vc_column_inner][\/vc_row_inner][vc_row_inner row_type=\u00bbrow\u00bb type=\u00bbgrid\u00bb text_align=\u00bbleft\u00bb css_animation=\u00bb\u00bb css=\u00bb.vc_custom_1521812433367{padding-bottom: 40px !important;}\u00bb][vc_column_inner width=\u00bb5\/12&#8243;][\/vc_column_inner][vc_column_inner width=\u00bb3\/12&#8243;][vc_separator type=\u00bbtransparent\u00bb][vc_separator type=\u00bbtransparent\u00bb][layerslider_vc id=\u00bb1&#8243;][\/vc_column_inner][vc_column_inner width=\u00bb4\/12&#8243;][\/vc_column_inner][\/vc_row_inner][vc_row_inner row_type=\u00bbrow\u00bb type=\u00bbgrid\u00bb text_align=\u00bbleft\u00bb css_animation=\u00bb\u00bb css=\u00bb.vc_custom_1521812433367{padding-bottom: 40px !important;}\u00bb][vc_column_inner][vc_separator type=\u00bbtransparent\u00bb][vc_separator type=\u00bbtransparent\u00bb][vc_separator type=\u00bbtransparent\u00bb][vc_separator type=\u00bbtransparent\u00bb][vc_separator type=\u00bbtransparent\u00bb][vc_separator type=\u00bbtransparent\u00bb][\/vc_column_inner][\/vc_row_inner][\/vc_column][\/vc_row]<\/p>\n","protected":false},"excerpt":{"rendered":"<p>[vc_row css_animation=\u00bb\u00bb row_type=\u00bbrow\u00bb use_row_as_full_screen_section=\u00bbno\u00bb type=\u00bbfull_width\u00bb angled_section=\u00bbno\u00bb text_align=\u00bbleft\u00bb background_image_as_pattern=\u00bbwithout_pattern\u00bb css=\u00bb.vc_custom_1521812392429{padding-top: 130px !important;background-color: #ffffff !important;}\u00bb z_index=\u00bb\u00bb][vc_column][vc_separator type=\u00bbtransparent\u00bb][vc_row_inner row_type=\u00bbrow\u00bb type=\u00bbgrid\u00bb text_align=\u00bbleft\u00bb css_animation=\u00bb\u00bb css=\u00bb.vc_custom_1521812433367{padding-bottom: 40px !important;}\u00bb][vc_column_inner width=\u00bb1\/6&#8243;][\/vc_column_inner][vc_column_inner width=\u00bb2\/6&#8243;][vc_column_text] Cristo de la Expiraci\u00f3n y Nuestra Se\u00f1ora del Patrocinio Cristo de la Misericordia [\/vc_column_text][vc_gallery type=\u00bbflexslider_slide\u00bb interval=\u00bb5&#8243; images=\u00bb995,996,997,998&#8243; img_size=\u00bbfull\u00bb onclick=\u00bbimg_link_large\u00bb][\/vc_column_inner][vc_column_inner width=\u00bb2\/6&#8243;][vc_column_text]_El Cristo&#8230;<\/p>\n","protected":false},"author":1,"featured_media":0,"parent":0,"menu_order":0,"comment_status":"closed","ping_status":"closed","template":"full_width.php","meta":{"footnotes":""},"class_list":["post-665","page","type-page","status-publish","hentry"],"_links":{"self":[{"href":"https:\/\/www.cofradiasontinyent.com\/index.php\/wp-json\/wp\/v2\/pages\/665","targetHints":{"allow":["GET"]}}],"collection":[{"href":"https:\/\/www.cofradiasontinyent.com\/index.php\/wp-json\/wp\/v2\/pages"}],"about":[{"href":"https:\/\/www.cofradiasontinyent.com\/index.php\/wp-json\/wp\/v2\/types\/page"}],"author":[{"embeddable":true,"href":"https:\/\/www.cofradiasontinyent.com\/index.php\/wp-json\/wp\/v2\/users\/1"}],"replies":[{"embeddable":true,"href":"https:\/\/www.cofradiasontinyent.com\/index.php\/wp-json\/wp\/v2\/comments?post=665"}],"version-history":[{"count":4,"href":"https:\/\/www.cofradiasontinyent.com\/index.php\/wp-json\/wp\/v2\/pages\/665\/revisions"}],"predecessor-version":[{"id":1001,"href":"https:\/\/www.cofradiasontinyent.com\/index.php\/wp-json\/wp\/v2\/pages\/665\/revisions\/1001"}],"wp:attachment":[{"href":"https:\/\/www.cofradiasontinyent.com\/index.php\/wp-json\/wp\/v2\/media?parent=665"}],"curies":[{"name":"wp","href":"https:\/\/api.w.org\/{rel}","templated":true}]}}